False
Let s(h) = 5*h**3 - 3*h**2 + 9*h + 313207. Is s(0) a prime number?
True
Suppose 28780336 - 2075832 = 24*h - 2468768. Is h composite?
False
Suppose 13*b - 1039 + 9034 = 0. Let y = b + 3337. Is y prime?
False
Suppose -1109*u + 1088*u + 7959 = 0. Is u prime?
True
Let o be 5*(1 + (-2)/5). Suppose -15 = -4*u + o*a, -10 = 5*u - u + 2*a. Let v(g) = -g**2 + 1049. Is v(u) a composite number?
False
Let c(i) = -8*i + 147. Let s be c(18). Is 1485 + (s + 4 - 11) a prime number?
True
Let u be (14938/66)/((42/(-7))/18). Suppose p + 1144 = r, -2583 = 2*p - r - 291. Let k = u - p. Is k prime?
False
Let a(x) be the third derivative of 25*x**4/12 + 5*x**3/6 + x**2. Let w be (-36)/(-99) - (-174)/66. Is a(w) composite?
True
Suppose 0 = 5*z - 46 - 79. Let b = 29 - z. Suppose b*n + 3*n - 77 = 0. Is n prime?
True
Let n = 1054 + -7401. Let h = -3394 - n. Is h a composite number?
False
Let n = -292 - -312. Is 7/(315/n) + 114706/18 a composite number?
False
Let k(a) = 1529*a - 3. Suppose 7*f = 14*f - 28. Is k(f) prime?
True
Suppose -7*v = 3*t - 4*v - 79170, 4*v + 79149 = 3*t. Is t composite?
False
Let x(j) = 6*j**3 - 8*j**2 + 6*j - 19. Let h be x(6). Let k be 9/3 - (h - 2). Let f = -713 - k. Is f a composite number?
False
Let a(z) = -702*z + 2037 + 46*z - 2484. Is a(-6) a composite number?
True
Let q(w) = -95*w**3 - w**2 - 7*w + 2. Suppose -17 + 2 = 5*j. Is q(j) a composite number?
False
Let o be (-7)/(693/(-44))*9. Let m(r) = 33 + 11*r**2 + 0 - 6*r - 6*r. Is m(o) a composite number?
True
Let p = -351 - -342. Let g(o) = -18*o**3 - o**2 - 37*o - 19. Is g(p) a composite number?
True
Let x(d) = -2*d + 2. Let v be x(0). Let w(c) = -c + 27*c**v - 3 - 25*c**2 + 1 - 3946*c**3. Is w(-1) a composite number?
False
Suppose -4*n = -3*r + 35, 2*n + 13 - 3 = 0. Suppose r*h + 4*h = 0. Suppose -3*k + t + 4*t + 972 = h, 0 = 5*t - 15. Is k a composite number?
True
Suppose -18*p + 1055654 = -432928. Is p composite?
False
Suppose -843440 + 2317861 = 13*u. Is u a prime number?
True
Suppose 0*a + 18 = -3*a. Is 5/30 - 2801/a composite?
False
Suppose -17*v + 14*v + 15 = 0. Suppose 0 = -z - v*w + 68, -3*z + 122 + 28 = -3*w. Is z a composite number?
False
Suppose -43*t + 46*t - 6 = 0. Suppose -d = 2, -m - 5*d = -t*d - 205. Is m a prime number?
True
Let u(d) = -7*d**2 - 23*d. Let z be u(-3). Let l(x) = 13 - x + 4*x + 6*x. Is l(z) a prime number?
True
Let y = 688146 + -467308. Is y a composite number?
True
Suppose 1254 = 2*w - 4*q, 0*q - 2488 = -4*w + 4*q. Let g = -240 + w. Is g prime?
False
Is (-37)/((-472385)/(-5906375) - (6/75)/1) composite?
True
Let q(h) = -h**3 - 30*h**2 + 2*h + 61. Let w be q(-30). Is (-1)/w - (-1 - 10386/9) a composite number?
True
Let s = 2930512 - 2009871. Is s composite?
False
Let a = 281400 + 270287. Is a a prime number?
False
Suppose -4*s - 4*d + 9*d + 17 = 0, -s = -5*d - 23. Is s/6*(-342279)/9 a composite number?
True
Let m be (-1)/5 - ((-1023)/15 + -1). Let w = 69 - m. Is (w - -2 - -89)*(4 - 3) composite?
True
Let a be 6 + 2 - (-4 - (-2 + 1)). Suppose 16*s = a*s + 43315. Is s a prime number?
True
Let y = -7569 - -5280. Let w = y - -10552. Is w a composite number?
False
Let c(v) be the first derivative of -35*v**4/24 + 17*v**3/6 + 13*v**2/2 + 4. Let u(d) be the second derivative of c(d). Is u(-7) prime?
False
Let u = 19617 - 2420. Is u composite?
True
Let g(f) = f**3 + 5*f**2 + 11. Let w be g(-5). Let y(r) = 3*r**2 - 24*r - 14. Is y(w) a composite number?
True
Suppose 0 = 10*c + 896942 - 3796212. Suppose 6*s + c = 17*s. Is s composite?
False
Suppose 5*q = 3*d - 67500, 6*d + 15 = 9*d. Is (18/54)/((-1)/q) a prime number?
False
Let d be (-10 - -5) + 20844 + -3. Suppose -125*x = -121*x - d. Is x a prime number?
True
Let w(b) = 1244*b**2 - 666*b + 11. Is w(6) prime?
False
Let u(x) be the third derivative of 1/6*x**3 + 22*x**2 + 217/6*x**5 + 0*x + 0*x**4 + 0. Is u(1) a composite number?
True
Let r be (-8)/(-12) - 6032/12. Let k = -298 - r. Suppose 0*y - 4*y = -k. Is y composite?
True
Suppose 0 = n - 2, 4*x - 3*n = n + 87036. Is x a composite number?
True
Let a(w) = w**2 - 5*w - 7. Let o be a(6). Is ((-1053504)/224 + 2/14)*o a prime number?
True
Suppose p - 24 = -3*p. Suppose 0 = -5*g + l + 2*l - 11, -l + 9 = -3*g. Is (g/p)/((-6)/5679) composite?
False
Is -4 + -6 + 1 + 0 + 59888 a composite number?
False
Suppose 3182 = 7*f - 59234 - 21955. Is f a prime number?
False
Let o be -3*((-6)/(-1) - -1429). Let j = o + 9972. Is j a prime number?
False
Let k be (14/5)/(-2 - 22/(-10)). Let b be 4/28 + (-2)/k. Suppose -1952 = -4*c - 3*d, 4*c + b*d - d = 1936. Is c a composite number?
True
Let n = 1397621 - 931414. Is n prime?
False
Let q be (-34)/(-8) - 1/4. Suppose 2*a = 0, 0 = 4*s + q*a - 1460 - 1552. Is s composite?
True
Let b(i) = -129 - 7*i**3 - 130 + 255 + 4*i. Let o be b(1). Is 3/(((-105)/5990)/o) a prime number?
False
Suppose -752155 = -14*m + 1411951. Is m a prime number?
True
Let c = -30591 + 55328. Is c composite?
True
Let w(d) = d**2 - 2*d + 5. Let n be w(0). Suppose 1939 = 2*v + 3*b, -4211 + 366 = -4*v + n*b. Is v composite?
True
Let k(m) be the third derivative of -31*m**7/5040 - m**6/24 - m**5/20 - 18*m**2. Let z(q) be the third derivative of k(q). Is z(-13) composite?
False
Suppose -5*g = 26 - 6, 23 = 3*f - 5*g. Let l(a) = 638*a - 4. Let p be l(f). Let t = 888 - p. Is t a composite number?
True
Is (5 - 19/3)/((-48)/10194876) composite?
True
Suppose 3*n + 289420 = -g + 815706, -3*g + 1578928 = -5*n. Is g prime?
False
Suppose -2*l - 31225 = -8*f + 5*f, 5*f + 3*l = 52029. Let p = f + -5874. Suppose 0 = -3*s + 2538 + p. Is s a composite number?
False
Let o(s) = -298*s**2 + 87*s - 8. Let q(a) = -299*a**2 + 85*a - 8. Let f(l) = 3*o(l) - 4*q(l). Is f(11) a prime number?
False
Let r(a) = 28*a**2 - 15*a - 16. Let d(p) = 16*p + 90. Let n be d(-6). Is r(n) a composite number?
True
Let g(i) = -10*i**2 - 29*i + 19. Let m(k) = 11*k**2 + 30*k - 19. Let t(s) = -6*g(s) - 5*m(s). Let f = -91 - -73. Is t(f) a prime number?
False
Is 8285*((-98)/70)/(-7) a prime number?
True
Let k(m) = -m**3 + 7*m**2 + 10*m - 12. Let r be k(8). Suppose 0 = 3*w + 4*t - 3, w - 17 = -0*t + r*t. Suppose -w*l = -8*l + 11265. Is l composite?
True
Let v(y) = 2*y**2 - y + 1. Let z be v(-3). Let c(s) be the first derivative of 77*s**2/2 - 52*s - 13. Is c(z) a composite number?
True
Suppose -72*g - 8 = -74*g. Suppose 2*h + 1640 = g*v, v + 3*h = -0*h + 403. Is v a composite number?
False
Is (-1 - -2986)*(-2282)/(-42) + -1 + -5 prime?
False
Let w(t) = 5*t**2 - 1. Let m be w(-1). Suppose m*c = 3*c + 2081. Is c a composite number?
False
Let z(l) = l**2 + 11*l + 19. Let r be z(-12). Let h(y) = 7 + 13 - r*y + 7 + 8*y. Is h(-22) prime?
False
Let b = -198 + 375. Suppose -176*k - 3707 = -b*k. Is k a prime number?
False
Let q(t) = -57*t**3 + 3*t**2 + 9*t + 1. Suppose -13 = 3*z + 5*k, -2*z - 2*k = -3*z - 8. Is q(z) composite?
True
Is (1 + 231767 - (-20 - -10)) + 1 a prime number?
True
Let g = 158 - 239. Let o be 36428/18 + (-18)/g. Suppose 6*t + o = 17210. Is t composite?
False
Let c be (-23520)/25 + 6/(-30). Let z = -327 - c. Is z prime?
False
Is 90087/(-36)*-4*(-31 + 34) a prime number?
True
Let c(a) = -a**3 + 11*a**2 + 10*a + 32. Let z be c(10). Suppose 3*u - z = -0*o + 2*o, 4*u - 468 = 4*o. Let j = -70 - o. Is j composite?
True
Let w be ((-874)/152)/((1/(-4))/1). Suppose -w*z + 10*z + 40859 = 0. Is z composite?
True
Suppose -15 = -4*d - 3*r, 3*d + 6*r = 4*r + 10. Suppose d = 4*y + 16 + 8. Is (-9)/54 - 4243*1/y a composite number?
True
Suppose -n + 5 = -4*f, 3*f = -3*n - 2*f + 15. Suppose 19 = 5*t - w - 6, 4*w = t - n. Suppose 3*g = t*u - 21389, -4*g = 3*u + g - 12847. Is u a composite number?
True
Suppose 2*r - 2835 = -b + 3*r, -3*b - r + 8509 = 0. Is 3*b/18*198/132 prime?
True
Suppose 44*c - 947151 - 528917 = 0. Is c prime?
True
Let t(y) = 3*y**3 + 4*y**2 + 20*y - 48. Let g be t(-11). Is (54/18)/((-9)/g) a composite number?
False
Suppose 2*x + 19*x = 5*x + 1888528. Is x composite?
False
Suppose 5*j - 69805 = -5*y, 4800 = j - 3*y - 9169. Is j a prime number?
True
Let t(b) = 2690*b - 169. Let s be 72/8 + 0 + (-6)/3. Is t(s) composite?
False
Let s(c) = -c**3 + 12*c**2 - c + 15. Let l be s(12). Suppose t = -5*g + 623, -3*g = l*t - t - 1260. Is t a prime number?
False
Let c(m) = 25*m**2 + 7*m - 32. Let y be c(5). Supp